{"id":10306,"date":"2022-12-16T06:04:54","date_gmt":"2022-12-16T06:04:54","guid":{"rendered":"https:\/\/triplex.com.bo\/index.php\/product\/parlantes-sony-s100f\/"},"modified":"2025-03-20T15:13:58","modified_gmt":"2025-03-20T19:13:58","slug":"parlantes-sony-s100f","status":"publish","type":"product","link":"https:\/\/triplex.com.bo\/index.php\/product\/parlantes-sony-s100f\/","title":{"rendered":"PARLANTES SONY S100F"},"content":{"rendered":"<p>Especificaciones<br \/>\nCaracter\u00edsticas<br \/>\nEspecificaciones y caracter\u00edsticas completas<br \/>\nComprar<br \/>\nEspecificaciones<br \/>\nCaracter\u00edsticas<br \/>\nTama\u00f1o y peso<br \/>\nTAMA\u00d1O DE LA UNIDAD PRINCIPAL: SOLO CUERPO (AN. X AL. X PR.)<br \/>\n900 x 64 x 88 mm<br \/>\nPESO DE LA UNIDAD PRINCIPAL (SOLO CUERPO)<br \/>\n2,4 kg<br \/>\nAmplificador<br \/>\nTIPO DE AMPLIFICADOR<br \/>\nS-Master\u2122<br \/>\nPOTENCIA DE SALIDA (TOTAL)<br \/>\n120 W<br \/>\nInterfaz<br \/>\nTERMINALES DE ENTRADA Y SALIDA<br \/>\nHDMI\u2122 (ARC), entrada de audio \u00f3ptica, USB tipo A<br \/>\nBLUETOOTH\u00ae<br \/>\nRX (receptor)<br \/>\nVERSI\u00d3N DE BLUETOOTH\u00ae<br \/>\nversi\u00f3n 4.2<br \/>\nNFC<br \/>\nNo<br \/>\nHDMI<br \/>\nN\u00daMERO DE ENTRADA\/SALIDA<br \/>\nEntrada\/salida: 0\/1 (ARC)<br \/>\nBRAVIA\u2122 SYNC<br \/>\nS\u00ed<br \/>\nHDMI CEC<br \/>\nS\u00ed<br \/>\nFormatos de audio<br \/>\nENTRADA HDMI<br \/>\nDolby\u00ae Digital, Dolby\u00ae Dual Mono, LPCM de 2 canales<br \/>\nENTRADA \u00d3PTICA<br \/>\nDolby\u00ae Digital, Dolby\u00ae Dual Mono, LPCM de 2 canales<br \/>\nUSB<br \/>\nWAV, MP3, WMA<br \/>\nBLUETOOTH\u00ae (RECEPTOR)<br \/>\nSBC<br \/>\nFunci\u00f3n Sonido<br \/>\nMODO DE SONIDO<br \/>\nSonido autom\u00e1tico, Cine, M\u00fasica, Est\u00e1ndar<br \/>\nEFECTO DE SONIDO<br \/>\nModo nocturno, Modo voz<br \/>\nTECNOLOG\u00cdA DE SONIDO SURROUND VIRTUAL<br \/>\nS-Force<br \/>\nDise\u00f1o de parlante<br \/>\nESTRUCTURA DEL PARLANTE<br \/>\n2.0ch<br \/>\nBARRA DE PARLANTE<br \/>\n1<br \/>\nFunciones inal\u00e1mbricas<br \/>\nSURROUND INAL\u00c1MBRICO<br \/>\nNo<br \/>\nSURROUND INAL\u00c1MBRICO (CON PARLANTES INAL\u00c1MBRICOS OPCIONALES)<br \/>\nNo<br \/>\nINAL\u00c1MBRICO EN VARIAS HABITACIONES<br \/>\nNo<br \/>\nDetalles<br \/>\nCONSUMO DE ENERG\u00cdA<br \/>\n30 W<br \/>\nCONSUMO DE ENERG\u00cdA (EN MODO DE INICIO REMOTO)<br \/>\n0,5 W (modo en espera de Bluetooth\u00ae desactivado\/control de HDMI\u2122 desactivado)<br \/>\nMONTAJE EN PARED<br \/>\nS\u00ed<br \/>\n\u00bfQu\u00e9 incluye la caja?<br \/>\nCONTROL REMOTO<br \/>\nBater\u00edas para el control remoto<br \/>\nCable \u00f3ptico<br \/>\nCable de CA<\/p>\n","protected":false},"excerpt":{"rendered":"<p>PARLANTES SONY S100F<\/p>\n","protected":false},"featured_media":11801,"comment_status":"open","ping_status":"closed","template":"","meta":{"_acf_changed":false},"pwb-brand":[224],"product_brand":[],"product_cat":[148,137],"product_tag":[],"class_list":{"0":"post-10306","1":"product","2":"type-product","3":"status-publish","4":"has-post-thumbnail","6":"pwb-brand-sony","7":"product_cat-parlantes","8":"product_cat-audio","10":"first","11":"instock","12":"shipping-taxable","13":"purchasable","14":"product-type-simple"},"acf":[],"brands":[{"id":224,"name":"SONY","slug":"sony"}],"_links":{"self":[{"href":"https:\/\/triplex.com.bo\/index.php\/wp-json\/wp\/v2\/product\/10306","targetHints":{"allow":["GET"]}}],"collection":[{"href":"https:\/\/triplex.com.bo\/index.php\/wp-json\/wp\/v2\/product"}],"about":[{"href":"https:\/\/triplex.com.bo\/index.php\/wp-json\/wp\/v2\/types\/product"}],"replies":[{"embeddable":true,"href":"https:\/\/triplex.com.bo\/index.php\/wp-json\/wp\/v2\/comments?post=10306"}],"wp:featuredmedia":[{"embeddable":true,"href":"https:\/\/triplex.com.bo\/index.php\/wp-json\/wp\/v2\/media\/11801"}],"wp:attachment":[{"href":"https:\/\/triplex.com.bo\/index.php\/wp-json\/wp\/v2\/media?parent=10306"}],"wp:term":[{"taxonomy":"pwb-brand","embeddable":true,"href":"https:\/\/triplex.com.bo\/index.php\/wp-json\/wp\/v2\/pwb-brand?post=10306"},{"taxonomy":"product_brand","embeddable":true,"href":"https:\/\/triplex.com.bo\/index.php\/wp-json\/wp\/v2\/product_brand?post=10306"},{"taxonomy":"product_cat","embeddable":true,"href":"https:\/\/triplex.com.bo\/index.php\/wp-json\/wp\/v2\/product_cat?post=10306"},{"taxonomy":"product_tag","embeddable":true,"href":"https:\/\/triplex.com.bo\/index.php\/wp-json\/wp\/v2\/product_tag?post=10306"}],"curies":[{"name":"wp","href":"https:\/\/api.w.org\/{rel}","templated":true}]}}