{"id":10214,"date":"2022-12-16T06:00:15","date_gmt":"2022-12-16T06:00:15","guid":{"rendered":"https:\/\/triplex.com.bo\/index.php\/product\/centrifugadora-de-ropas-britania\/"},"modified":"2024-06-24T10:52:22","modified_gmt":"2024-06-24T14:52:22","slug":"centrifugadora-de-ropas-britania","status":"publish","type":"product","link":"https:\/\/triplex.com.bo\/index.php\/product\/centrifugadora-de-ropas-britania\/","title":{"rendered":"CENTRIFUGADORA DE ROPAS BRITANIA"},"content":{"rendered":"<p>\u2705 Guardacable<br \/>\n\u2705 Manijas de traslado<br \/>\n\u2705 Tambor de acero inoxidable<br \/>\n\u2705 Alta capacidad de centrifugado<br \/>\n\u2705 Dise\u00f1o elegante y construcci\u00f3n duradera<br \/>\n\u2705 Sistema CST para mayor protecci\u00f3n: evita potenciales accidentes por manipulaci\u00f3n y uso<br \/>\n\u2705 Motor termoprotegido de bajo consumo, para que no te preocupes por recalentamientos, puedes utilizarla por tiempos prolongados sin temor a que se da\u00f1e<br \/>\n\u2705 Velocidad m\u00e1xima del centrifugado 2.800 rpm: garantiza una alta velocidad de giros para exprimir al m\u00e1ximo todos los excesos de agua que tienen sus prendas al lavarlas o cuando est\u00e1n mojadas por otra raz\u00f3n<br \/>\n\u2705 Medidas del producto: Alto 75,5 cm. Ancho 42,4 cm. Largo 41 cm.<br \/>\n\u2705 Velocidad del centrifugado: 2800 RPM<br \/>\n\u2705 Voltaje: 220V\/ 60 Hz<br \/>\n\u2705 Capacidad: 5,5 kg<br \/>\n\u2705 Potencia: 170 W<\/p>\n","protected":false},"excerpt":{"rendered":"<p>CENTRIFUGADORA DE ROPAS BRITANIA<\/p>\n","protected":false},"featured_media":10213,"comment_status":"open","ping_status":"closed","template":"","meta":{"_acf_changed":false},"pwb-brand":[282],"product_brand":[],"product_cat":[189,192],"product_tag":[],"class_list":{"0":"post-10214","1":"product","2":"type-product","3":"status-publish","4":"has-post-thumbnail","6":"pwb-brand-britania","7":"product_cat-lavadoras-y-secadores","8":"product_cat-lavanderia-secadoras","10":"first","11":"outofstock","12":"shipping-taxable","13":"purchasable","14":"product-type-simple"},"acf":[],"brands":[{"id":282,"name":"BRITANIA","slug":"britania"}],"_links":{"self":[{"href":"https:\/\/triplex.com.bo\/index.php\/wp-json\/wp\/v2\/product\/10214","targetHints":{"allow":["GET"]}}],"collection":[{"href":"https:\/\/triplex.com.bo\/index.php\/wp-json\/wp\/v2\/product"}],"about":[{"href":"https:\/\/triplex.com.bo\/index.php\/wp-json\/wp\/v2\/types\/product"}],"replies":[{"embeddable":true,"href":"https:\/\/triplex.com.bo\/index.php\/wp-json\/wp\/v2\/comments?post=10214"}],"wp:featuredmedia":[{"embeddable":true,"href":"https:\/\/triplex.com.bo\/index.php\/wp-json\/wp\/v2\/media\/10213"}],"wp:attachment":[{"href":"https:\/\/triplex.com.bo\/index.php\/wp-json\/wp\/v2\/media?parent=10214"}],"wp:term":[{"taxonomy":"pwb-brand","embeddable":true,"href":"https:\/\/triplex.com.bo\/index.php\/wp-json\/wp\/v2\/pwb-brand?post=10214"},{"taxonomy":"product_brand","embeddable":true,"href":"https:\/\/triplex.com.bo\/index.php\/wp-json\/wp\/v2\/product_brand?post=10214"},{"taxonomy":"product_cat","embeddable":true,"href":"https:\/\/triplex.com.bo\/index.php\/wp-json\/wp\/v2\/product_cat?post=10214"},{"taxonomy":"product_tag","embeddable":true,"href":"https:\/\/triplex.com.bo\/index.php\/wp-json\/wp\/v2\/product_tag?post=10214"}],"curies":[{"name":"wp","href":"https:\/\/api.w.org\/{rel}","templated":true}]}}