{"id":10198,"date":"2022-12-16T05:59:22","date_gmt":"2022-12-16T05:59:22","guid":{"rendered":"https:\/\/triplex.com.bo\/index.php\/product\/sandwichera-panini-oster-ceramica\/"},"modified":"2024-09-30T10:12:45","modified_gmt":"2024-09-30T14:12:45","slug":"sandwichera-panini-oster-ceramica","status":"publish","type":"product","link":"https:\/\/triplex.com.bo\/index.php\/product\/sandwichera-panini-oster-ceramica\/","title":{"rendered":"SANDWICHERA PANINI OSTER CERAMICA"},"content":{"rendered":"<p>Bioceramic\u00ae es la l\u00ednea de parrillas, sartenes y paninis Oster\u00ae que utiliza la tecnolog\u00eda de cer\u00e1mica biocompatible en la superficie de cocci\u00f3n. El recubrimiento de Bioceramic\u00ae es natural y est\u00e1 hecho a base de minerales y silicona que es completamente libre de PTFE y por lo tanto no contiene PFO. La cer\u00e1mica se caracteriza por su alta durabilidad y resistencia a la abrasi\u00f3n. Este recubrimiento no contiene productos qu\u00edmicos nocivos para la salud, permite que el proceso de cocci\u00f3n sea f\u00e1cil y m\u00e1s r\u00e1pido, y es cuatro veces m\u00e1s duradero y resistente a rayaduras.<\/p>\n<p>Recubrimiento de cer\u00e1mica natural Bioceramic\u00ae para cocinar m\u00e1s saludablemente. Bioceramic\u00ae es libre de PTFE &amp; PFOA, permite cocinar 20% m\u00e1s r\u00e1pido, es cuatro veces m\u00e1s duradero y resistente a raspaduras, y es antiadherente<br \/>\nPuede utilizarse en posici\u00f3n cerrada o completamente extendida para mayor versatilidad para hacer desde asados hasta paninis<br \/>\nSistema de altura ajustable que se adapta a diversos tipos de panes<br \/>\nSuperficie de cocci\u00f3n de 21&#215;27 cm cada placa<br \/>\nLa bandeja de goteo deslizable ayuda a recoger la grasa y los aceites para preparar comidas m\u00e1s saludables<br \/>\nControl de temperatura para m\u00e1s versatilidad al asar<br \/>\nDise\u00f1o vertical para ahorrar espacio y facilitar el almacenamiento<br \/>\nAsas fr\u00edas al tacto<br \/>\nAcabado en acero inoxidable cepillado<br \/>\nPotencia de 1500 Watts<br \/>\nRecomendaci\u00f3n: Antes de usar por primera tu producto Oster\u00ae con recubrimiento Bioceramic\u2122 o antiadherente, cubre la superficie con aceite vegetal. Calienta la superficie a la m\u00e1xima potencia por 5-10 minutos. Apaga y deja enfriar por completo. Finalmente, con un pa\u00f1o suave lava la plancha con agua caliente y seca. Ahora tu producto ya est\u00e1 curado y listo para usar.<\/p>\n","protected":false},"excerpt":{"rendered":"<p>SANDWICHERA PANINI OSTER CERAMICA<\/p>\n","protected":false},"featured_media":10197,"comment_status":"open","ping_status":"closed","template":"","meta":{"_acf_changed":false},"pwb-brand":[235],"product_brand":[],"product_cat":[170],"product_tag":[],"class_list":{"0":"post-10198","1":"product","2":"type-product","3":"status-publish","4":"has-post-thumbnail","6":"pwb-brand-oster","7":"product_cat-electromenor-sandwicheras-wafleras","9":"first","10":"outofstock","11":"shipping-taxable","12":"purchasable","13":"product-type-simple"},"acf":[],"brands":[{"id":235,"name":"OSTER","slug":"oster"}],"_links":{"self":[{"href":"https:\/\/triplex.com.bo\/index.php\/wp-json\/wp\/v2\/product\/10198","targetHints":{"allow":["GET"]}}],"collection":[{"href":"https:\/\/triplex.com.bo\/index.php\/wp-json\/wp\/v2\/product"}],"about":[{"href":"https:\/\/triplex.com.bo\/index.php\/wp-json\/wp\/v2\/types\/product"}],"replies":[{"embeddable":true,"href":"https:\/\/triplex.com.bo\/index.php\/wp-json\/wp\/v2\/comments?post=10198"}],"wp:featuredmedia":[{"embeddable":true,"href":"https:\/\/triplex.com.bo\/index.php\/wp-json\/wp\/v2\/media\/10197"}],"wp:attachment":[{"href":"https:\/\/triplex.com.bo\/index.php\/wp-json\/wp\/v2\/media?parent=10198"}],"wp:term":[{"taxonomy":"pwb-brand","embeddable":true,"href":"https:\/\/triplex.com.bo\/index.php\/wp-json\/wp\/v2\/pwb-brand?post=10198"},{"taxonomy":"product_brand","embeddable":true,"href":"https:\/\/triplex.com.bo\/index.php\/wp-json\/wp\/v2\/product_brand?post=10198"},{"taxonomy":"product_cat","embeddable":true,"href":"https:\/\/triplex.com.bo\/index.php\/wp-json\/wp\/v2\/product_cat?post=10198"},{"taxonomy":"product_tag","embeddable":true,"href":"https:\/\/triplex.com.bo\/index.php\/wp-json\/wp\/v2\/product_tag?post=10198"}],"curies":[{"name":"wp","href":"https:\/\/api.w.org\/{rel}","templated":true}]}}